 - 578*g - 1052. What is i(66)?
4
Let q(h) = -6*h**2 + 586552*h - 5278487. Give q(9).
-5
Let j(i) = -568*i**2 + 198230*i + 700. Determine j(349).
2
Let n(o) = 10492*o - 62961. Give n(6).
-9
Let z(p) = -p**3 + 85*p**2 - 974*p - 427. Give z(71).
993
Let w(c) = 623306*c - 3739842. Give w(6).
-6
Let o(a) = 1057*a + 15860. Determine o(-11).
4233
Let s(w) = 1397*w - 202566. Determine s(145).
-1
Let p(n) = 2*n**2 - 1059*n - 61105. What is p(582)?
5
Let w(n) = -n**3 - 135*n**2 - 1353*n + 1574. Give w(-124).
210
Let t(g) = g**3 + 19*g**2 + 26*g + 195. What is t(-10)?
835
Let y(l) = -320*l - 56681. Calculate y(-177).
-41
Let p(h) = -2*h**3 - 14*h**2 - 21*h + 19. What is p(-9)?
532
Let l(z) = -6*z**3 + 63*z**2 - z + 164. Determine l(11).
-210
Let k(t) = 7*t**3 - 11*t**2 + 44*t + 296. Give k(0).
296
Let y(r) = -r**3 - 44*r**2 + 679*r - 220. Give y(-56).
-612
Let z(w) = -w**3 - 64*w**2 + 35*w - 198. What is z(-65)?
1752
Let d(y) = y**2 + 87*y - 52628. Determine d(190).
2
Let k(b) = 8275*b - 58196. What is k(7)?
-271
Let u(p) = -61*p**3 + 12*p**2 - 114*p + 100. Give u(1).
-63
Let l(r) = 91*r + 1881. What is l(-21)?
-30
Let q(j) = 2*j**2 + 200*j + 2824. Determine q(-14).
416
Let w(k) = 15*k**2 + 8*k + 1899. Determine w(0).
1899
Let v(c) = -52*c**2 - 3674*c - 2364. Calculate v(-70).
16
Let r(x) = 299*x + 168. Determine r(-5).
-1327
Let c(x) = 22*x**2 + 480*x - 74. What is c(-24)?
1078
Let n(r) = -24270*r - 315957. What is n(-13)?
-447
Let h(y) = 162*y + 7283. Give h(-39).
965
Let q(w) = 4*w**2 + 279*w + 5311. Give q(-32).
479
Let a(b) = 16340*b - 1862736. Calculate a(114).
24
Let l(a) = -16*a**3 + 570*a**2 + 211*a + 26. What is l(36)?
-154
Let i(y) = 3*y**3 - 571*y**2 + 761*y - 906. What is i(189)?
39
Let t(a) = 10*a**2 - 139*a - 965. Give t(19).
4
Let c(g) = -89*g**2 - 3293*g + 4. Calculate c(-37).
4
Let r(x) = -8790*x - 41987. Give r(-5).
1963
Let y(q) = 12*q**2 + 1509*q - 1513. Determine y(1).
8
Let l(r) = -367*r - 44338. What is l(-103)?
-6537
Let g(j) = -259*j - 332. What is g(0)?
-332
Let d(l) = 193*l + 2434. Calculate d(-14).
-268
Let c(d) = 7872*d - 3959612. What is c(503)?
4
Let p(l) = -7*l**3 + 2265*l**2 - 7999*l - 310. Calculate p(320).
10
Let o(t) = -732*t - 45132. Calculate o(-61).
-480
Let r(a) = -75007*a + 450163. Calculate r(6).
121
Let o(x) = 73*x**2 - 63*x - 357. Calculate o(-9).
6123
Let v(w) = w**3 - 158*w**2 - 7*w + 83. Give v(158).
-1023
Let p(t) = -200*t + 1103. What is p(-29)?
6903
Let a(o) = -77*o**2 - 9851*o + 661. Calculate a(-128).
21
Let d(s) = s**2 - 88*s - 1131. What is d(-12)?
69
Let k(w) = -265*w + 2579. What is k(7)?
724
Let s(y) = 81*y + 1594. Give s(-22).
-188
Let n(o) = -1342*o**3 - o**2 - 24*o + 23. What is n(1)?
-1344
Let o(z) = -z**2 - 355*z + 2941. What is o(8)?
37
Let i(q) = 12749*q - 254789. Calculate i(20).
191
Let a(s) = -s**3 + 125*s**2 - 46*s + 5005. What is a(125)?
-745
Let p(z) = 15*z + 372. Give p(-4).
312
Let s(g) = 10*g**2 + 3097*g + 27062. Give s(-9).
-1
Let u(b) = -3781*b + 203035. Determine u(54).
-1139
Let a(h) = -4832*h - 254. What is a(0)?
-254
Let o(n) = 145*n**3 + 140*n**2 + 9*n - 4. Calculate o(-3).
-2686
Let z(r) = -110*r**3 + 133*r**2 - 255*r - 4. Determine z(2).
-862
Let d(r) = 47*r**2 - 593*r - 3507. Calculate d(17).
-5
Let m(x) = -x**3 - 15*x**2 + 143*x + 1836. Determine m(-17).
-17
Let c(u) = 7*u**3 + 42*u**2 + 50*u + 15. Calculate c(-9).
-2136
Let a(d) = -d**3 - 25*d**2 - 129*d - 268. Calculate a(-19).
17
Let z(i) = -429*i**2 + 9004*i + 17. Determine z(21).
-88
Let a(p) = -2*p**3 - 60*p**2 - 348*p + 23. What is a(-7)?
205
Let u(g) = 21*g**2 + 270*g - 37. Calculate u(-13).
2
Let h(m) = 426152*m + 16619932. Give h(-39).
4
Let n(z) = 7*z**3 - 406*z**2 + 301*z - 17432. What is n(58)?
26
Let n(l) = l**3 + 9*l**2 - 2861*l - 25759. What is n(-9)?
-10
Let m(r) = 124972*r - 374843. Give m(3).
73
Let o(y) = -y**3 - 65*y**2 - 1043*y + 385. Calculate o(-31).
44
Let r(m) = 4*m**3 + 62*m**2 - 213*m - 52. Determine r(-18).
542
Let k(r) = -126*r**2 + 160*r + 487. What is k(-3)?
-1127
Let n(o) = -3*o**2 - 1571*o - 55363. Determine n(-38).
3
Let p(v) = -106*v**3 - 7*v**2 - 12*v - 4. What is p(-1)?
107
Let x(k) = -1587052*k - 7935258. What is x(-5)?
2
Let z(d) = -805*d + 8046. What is z(10)?
-4
Let s(m) = m**3 + 19*m**2 + 69*m + 49. What is s(-15)?
-86
Let l(f) = -79520*f - 795216. Determine l(-10).
-16
Let l(t) = -20*t**3 - 1362*t**2 - 126*t + 639. Give l(-68).
-41
Let c(v) = 4*v**2 - 82*v - 131. What is c(22)?
1
Let g(l) = -l**3 - 5*l**2 + 2133*l + 74. What is g(45)?
-5191
Let n(r) = 2*r**3 + 323*r**2 + 10399*r - 1611. What is n(-117)?
27
Let r(k) = -k**2 + 28*k + 1422. Give r(59).
-407
Let p(h) = h**2 - 797*h + 128356. Give p(224).
4
Let p(q) = -1282*q - 8650. Give p(-7).
324
Let j(k) = -139*k + 3298. Determine j(24).
-38
Let w(x) = -4*x**3 - 323*x**2 - 217*x + 234. Determine w(-80).
-1606
Let k(b) = b**3 - 200*b**2 + 8307*b + 783. Calculate k(59).
75
Let r(t) = -856*t - 150067. Give r(-175).
-267
Let c(y) = -1371*y - 5458. Determine c(-4).
26
Let r(x) = x**2 + 136*x + 2232. Determine r(-116).
-88
Let a(y) = -47711*y - 22185620. Calculate a(-465).
-5
Let p(x) = -x**3 - 304*x**2 - 2052*x + 7926. Calculate p(-297).
-93
Let p(o) = -o**2 - 1621*o - 251544. What is p(-174)?
234
Let i(t) = t**3 + 346*t**2 + 350*t + 1224. What is i(-345)?
-501
Let v(k) = 2*k**3 - 12*k**2 - 147*k + 975. Determine v(7).
44
Let p(u) = 11*u**3 + 279*u**2 + 201*u + 2387. Calculate p(-25).
-138
Let y(a) = -2*a**2 - 2541*a - 71847. Give y(-29).
160
Let g(l) = 5*l**2 + 343*l - 1064. Determine g(-75).
1336
Let x(b) = -3*b**3 + 12*b**2 + 9*b - 19. Give x(8).
-715
Let i(d) = 152*d + 17217. What is i(-106)?
1105
Let b(k) = -20*k**2 + 767*k + 5681. What is b(-7)?
-668
Let b(z) = 127*z**2 - 74*z - 444. Calculate b(-6).
4572
Let b(r) = 358*r + 18698. Determine b(-52).
82
Let t(o) = -3*o**3 + 22*o**2 - 247*o + 720. Determine t(4).
-108
Let s(r) = 1580332*r - 12642658. Calculate s(8).
-2
Let s(b) = 23708*b - 47383. What is s(2)?
33
Let x(s) = 7488*s - 958458. What is x(128)?
6
Let r(p) = -1382*p - 16556. Give r(-12).
28
Let b(x) = -x**3 - 29*x**2 + 24*x - 366. What is b(-29)?
-1062
Let t(j) = -2*j**3 + 152*j**2 + 24015*j - 708. Give t(-78).
-6
Let a(b) = 389*b - 76881. Calculate a(196).
-637
Let c(w) = 455*w - 109913. Give c(241).
-258
Let t(p) = -2*p**2 + 105*p - 2037. Give t(21).
-714
Let f(z) = z**2 + 1498*z - 41130. Give f(27).
45
Let j(c) = -14*c**2 - 422*c - 1187. Give j(-27).
1
Let x(l) = -2*l**3 - 1528*l**2 - 21021*l - 15719. Give x(-750).
31
Let s(g) = -406*g + 123550. Determine s(310).
-2310
Let n(m) = -9*m**3 - 3132*m**2 - 9*m - 3024. Give n(-348).
108
Let x(t) = 4*t**3 - 156*t**2 + 665*t - 19497. Give x(38).
-3
Let a(y) = 29956*y + 119708. Calculate a(-4).
-116
Let v(b) = 3*b**2 + 134*b + 2271. What is v(-27)?
840
Let i(q) = -q**2 - 1806*q + 42050. Determine i(23).
-17
Let z(u) = 357*u**3 + 8213*u**2 + 38*u - 197. Give z(-23).
-13
Let u(f) = f**2 - 845*f - 81080. Calculate u(-87).
4
Let c(j) = 871*j - 79753. Give c(89).
-2234
Let d(v) = 36925*v + 1403288. Give d(-38).
138
Let x(m) = 2*m**3 - 306*m**2 - 2230*m + 64. Calculate x(-7).
-6
Let g(p) = -13278*p - 4939418. Calculate g(-372).
-2
Let d(t) = 47*t - 5651. Give d(116).
-199
Let z(p) = -2*p**2 + 297*p + 338742. Determine z(-344).
-98
Let o(x) = -20*x**2 + 7*x + 217. What is o(-14)?
-3801
Let k(v) = 828*v**2 - 1899*v + 3. Calculate k(3).
1758
Let a(m) = -6*m**2 - 1113*m - 7775. What is a(-7)?
-278
Let f(g) = 4761*g + 19021. Calculate f(-4).
-23
Let k(i) = -3814*i + 15387. Determine k(4).
131
Let g(x) = 3*x**3 + 405*x**2 - 459*x - 6933. Determine g(-136).
3
Let i(p) = 362*p - 42343. Give i(117).
11
Let z(l) = -90*l + 4939. Determine z(54).
79
Let f(w) = -38*w - 7902. Determine f(-190).
-682
Let a(l) = -29*l**2 + 1104*l - 1148. What is a(37)?
-1
Let n(z) = 4*z**2 + 6297*z - 31522. Calculate n(5).
63
Let r(s) = 805*s - 8027. Give r(10).
23
Let h(q) = 61287*q + 1961137. Calculate h(-32).
-47
Let g(v) = -55837*v - 111648. What is g(-2)?
26
Let u(k) = -13339*k + 26957. What is u(2)?
279
Let u(c) = 36*c**3 - 12*c**2 + 13*c + 38. Determine u(3).
941
Let t(i) = 50*i**2 - 1357*i - 16254. What is t(-9)?
9
Let y(a) = 29*a**2 - 1425*a + 4173. Determine y(46).
-13
Let c(x) = 2*x**2 - 18648*x -